{"id":40,"date":"2023-12-09T15:11:32","date_gmt":"2023-12-09T15:11:32","guid":{"rendered":"https:\/\/kaalund.net\/wordpress\/?page_id=40"},"modified":"2024-07-26T10:26:42","modified_gmt":"2024-07-26T10:26:42","slug":"lost-in-technology","status":"publish","type":"page","link":"https:\/\/lostintechnology.de\/","title":{"rendered":"Lost in Technology"},"content":{"rendered":"\n<h1 class=\"wp-block-heading\">Lost in Technology<\/h1>\n\n\n\n<figure class=\"wp-block-video\"><video height=\"1080\" style=\"aspect-ratio: 1920 \/ 1080;\" width=\"1920\" controls src=\"https:\/\/lostintechnology.de\/wp-content\/uploads\/2024\/04\/Lost-in-Technology-Trailer.mp4\"><\/video><\/figure>\n\n\n\n<div style=\"height:30px\" aria-hidden=\"true\" class=\"wp-block-spacer\"><\/div>\n\n\n\n<p>Hier fusionieren aktuellste digitale Technologie und zeitgen\u00f6ssischer Tanz miteinander. Eine Symbiose, die faszinierende Bildwelten zwischen Klang, Video, K\u00f6rper und Motion Tracking erschafft. Wenn Choreograf und T\u00e4nzer Henrik Kaalund in seiner neuesten Produktion \u201eLost In Technology\u201c mit digitalen Effekten und Bewe-gung spielt, verschwimmen Grenzen zwischen Wirklichkeit und T\u00e4uschung. Mit Andre Bartetzki hat er sich einen Pionier der elektroakustischen Musik und Programmierung an Bord geholt. Gemeinsam mit mehreren Gastregisseur*innen und -choreograf*innen erz\u00e4hlt er in \u201eLost in Technology\u201c davon, wie wir uns in einer Welt voll digitaler Technologie und k\u00fcnstlicher Intelligenz verlieren \u2013 und unser Selbst gerade darin wieder entdecken k\u00f6nnen.<\/p>\n\n\n\n<p>Henrik steht alleine auf der B\u00fchne. Am B\u00fchnenrand sitzt sein k\u00fcnstliches Alter Ego, beobachtet ihn kritisch. Doch Henrik ist bereit. Kameras sind auf ihn gerichtet, verschiedene Messger\u00e4te sind sichtbar und unsichtbar an seinem K\u00f6rper befestigt. Sie werden jede seiner Bewegungen erfassen. Wenn er gleich loslegt, dann wird er ein Feuerwerk an Bildern und Kl\u00e4ngen ausl\u00f6sen. Und mit Sicherheit wird er mit einem Streich die Welt des Tanzes revolutionieren! Wenn denn alles so klappt, wie er es sich vorgestellt hat und die ganze Technik blo\u00df kein Eigenleben entwickelt.<\/p>\n\n\n\n<p>Kaalund gewann mehrere Preise f\u00fcr Choreographie und Tanz bei Wettbewerben. Zudem gibt er Workshops in Choreographie und Improvisationstechnik, wie auch Unterricht in Zeitgen\u00f6ssischem Tanz und Contact Improvisation. Zuletzt war die Fusion von Urbanen Bewegungsformen und Zeitgen\u00f6ssischem Tanz, wie auch Videokunst, vermehrt Teil seiner Arbeit.<\/p>\n\n\n\n<p>&#8220;Lost in Technology&#8221; entstand in Koproduktion mit Tafelhalle N\u00fcrnberg, wurde gef\u00f6rdert durch Stadt N\u00fcrnberg, Stadt F\u00fcrth und Kulturstiftung der Sparkasse N\u00fcrnberg, wird auch erm\u00f6glicht durch den Bayerischen Landesverband f\u00fcr zeitgen\u00f6ssischen Tanz (BLZT) aus Mitteln des Bayerischen Staatsministeriums f\u00fcr Wissenschaft und Kunst, unterst\u00fctzt durch die Tanzzentrale Region N\u00fcrnberg e. V.<\/p>\n\n\n\n<p>Premiere am 21.3.2024 in der Tafelhalle N\u00fcrnberg<\/p>\n\n\n<div class=\"wp-block-image\">\n<figure class=\"alignleft size-full is-resized\"><img loading=\"lazy\" decoding=\"async\" width=\"896\" height=\"707\" src=\"https:\/\/lostintechnology.de\/wp-content\/uploads\/2023\/12\/StN-Tafelhalle-Weise-Hintergrund.png\" alt=\"\" class=\"wp-image-134\" style=\"width:138px;height:auto\" srcset=\"https:\/\/lostintechnology.de\/wp-content\/uploads\/2023\/12\/StN-Tafelhalle-Weise-Hintergrund.png 896w, https:\/\/lostintechnology.de\/wp-content\/uploads\/2023\/12\/StN-Tafelhalle-Weise-Hintergrund-300x237.png 300w, https:\/\/lostintechnology.de\/wp-content\/uploads\/2023\/12\/StN-Tafelhalle-Weise-Hintergrund-768x606.png 768w\" sizes=\"auto, (max-width: 896px) 100vw, 896px\" \/><\/figure>\n<\/div>\n\n<div class=\"wp-block-image\">\n<figure data-wp-context=\"{&quot;imageId&quot;:&quot;6a078d8b465c0&quot;}\" data-wp-interactive=\"core\/image\" data-wp-key=\"6a078d8b465c0\" class=\"alignleft size-full is-resized wp-lightbox-container\"><img loading=\"lazy\" decoding=\"async\" width=\"757\" height=\"501\" data-wp-class--hide=\"state.isContentHidden\" data-wp-class--show=\"state.isContentVisible\" data-wp-init=\"callbacks.setButtonStyles\" data-wp-on--click=\"actions.showLightbox\" data-wp-on--load=\"callbacks.setButtonStyles\" data-wp-on-window--resize=\"callbacks.setButtonStyles\" src=\"https:\/\/lostintechnology.de\/wp-content\/uploads\/2023\/12\/blzt-logo-jpg.jpg\" alt=\"\" class=\"wp-image-135\" style=\"width:163px;height:auto\" srcset=\"https:\/\/lostintechnology.de\/wp-content\/uploads\/2023\/12\/blzt-logo-jpg.jpg 757w, https:\/\/lostintechnology.de\/wp-content\/uploads\/2023\/12\/blzt-logo-jpg-300x199.jpg 300w\" sizes=\"auto, (max-width: 757px) 100vw, 757px\" \/><button\n\t\t\tclass=\"lightbox-trigger\"\n\t\t\ttype=\"button\"\n\t\t\taria-haspopup=\"dialog\"\n\t\t\taria-label=\"Enlarge\"\n\t\t\tdata-wp-init=\"callbacks.initTriggerButton\"\n\t\t\tdata-wp-on--click=\"actions.showLightbox\"\n\t\t\tdata-wp-style--right=\"state.imageButtonRight\"\n\t\t\tdata-wp-style--top=\"state.imageButtonTop\"\n\t\t>\n\t\t\t<svg xmlns=\"http:\/\/www.w3.org\/2000\/svg\" width=\"12\" height=\"12\" fill=\"none\" viewBox=\"0 0 12 12\">\n\t\t\t\t<path fill=\"#fff\" d=\"M2 0a2 2 0 0 0-2 2v2h1.5V2a.5.5 0 0 1 .5-.5h2V0H2Zm2 10.5H2a.5.5 0 0 1-.5-.5V8H0v2a2 2 0 0 0 2 2h2v-1.5ZM8 12v-1.5h2a.5.5 0 0 0 .5-.5V8H12v2a2 2 0 0 1-2 2H8Zm2-12a2 2 0 0 1 2 2v2h-1.5V2a.5.5 0 0 0-.5-.5H8V0h2Z\" \/>\n\t\t\t<\/svg>\n\t\t<\/button><\/figure>\n<\/div>\n\n<div class=\"wp-block-image\">\n<figure class=\"alignleft size-full is-resized\"><img loading=\"lazy\" decoding=\"async\" width=\"817\" height=\"905\" src=\"https:\/\/lostintechnology.de\/wp-content\/uploads\/2024\/01\/FuerthStadt_4c.jpg\" alt=\"\" class=\"wp-image-184\" style=\"width:85px;height:auto\" srcset=\"https:\/\/lostintechnology.de\/wp-content\/uploads\/2024\/01\/FuerthStadt_4c.jpg 817w, https:\/\/lostintechnology.de\/wp-content\/uploads\/2024\/01\/FuerthStadt_4c-271x300.jpg 271w, https:\/\/lostintechnology.de\/wp-content\/uploads\/2024\/01\/FuerthStadt_4c-768x851.jpg 768w\" sizes=\"auto, (max-width: 817px) 100vw, 817px\" \/><\/figure>\n<\/div>\n\n<div class=\"wp-block-image\">\n<figure class=\"alignleft size-full is-resized\"><img loading=\"lazy\" decoding=\"async\" width=\"920\" height=\"227\" src=\"https:\/\/lostintechnology.de\/wp-content\/uploads\/2023\/12\/Logo-Kulturstiftung-Sparkasse.jpg\" alt=\"\" class=\"wp-image-136\" style=\"width:360px;height:auto\" srcset=\"https:\/\/lostintechnology.de\/wp-content\/uploads\/2023\/12\/Logo-Kulturstiftung-Sparkasse.jpg 920w, https:\/\/lostintechnology.de\/wp-content\/uploads\/2023\/12\/Logo-Kulturstiftung-Sparkasse-300x74.jpg 300w, https:\/\/lostintechnology.de\/wp-content\/uploads\/2023\/12\/Logo-Kulturstiftung-Sparkasse-768x189.jpg 768w\" sizes=\"auto, (max-width: 920px) 100vw, 920px\" \/><\/figure>\n<\/div>\n\n<div class=\"wp-block-image\">\n<figure class=\"alignleft size-large is-resized\"><img loading=\"lazy\" decoding=\"async\" width=\"1024\" height=\"871\" src=\"https:\/\/lostintechnology.de\/wp-content\/uploads\/2023\/12\/LOGO-TZ-schwarz-weiss-1024x871.png\" alt=\"\" class=\"wp-image-137\" style=\"width:112px;height:auto\" srcset=\"https:\/\/lostintechnology.de\/wp-content\/uploads\/2023\/12\/LOGO-TZ-schwarz-weiss-1024x871.png 1024w, https:\/\/lostintechnology.de\/wp-content\/uploads\/2023\/12\/LOGO-TZ-schwarz-weiss-300x255.png 300w, https:\/\/lostintechnology.de\/wp-content\/uploads\/2023\/12\/LOGO-TZ-schwarz-weiss-768x653.png 768w, https:\/\/lostintechnology.de\/wp-content\/uploads\/2023\/12\/LOGO-TZ-schwarz-weiss.png 1181w\" sizes=\"auto, (max-width: 1024px) 100vw, 1024px\" \/><\/figure>\n<\/div>","protected":false},"excerpt":{"rendered":"<p>Lost in Technology Hier fusionieren aktuellste digitale Technologie und zeitgen\u00f6ssischer Tanz miteinander. Eine Symbiose, die faszinierende Bildwelten zwischen Klang, Video, K\u00f6rper und Motion Tracking erschafft. Wenn Choreograf und T\u00e4nzer Henrik Kaalund in seiner neuesten Produktion \u201eLost In Technology\u201c mit digitalen Effekten und Bewe-gung spielt, verschwimmen Grenzen zwischen Wirklichkeit und T\u00e4uschung. Mit Andre Bartetzki hat er&hellip;&nbsp;<a href=\"https:\/\/lostintechnology.de\/\" class=\"\" rel=\"bookmark\">Read More &raquo;<span class=\"screen-reader-text\">Lost in Technology<\/span><\/a><\/p>\n","protected":false},"author":1,"featured_media":0,"parent":0,"menu_order":0,"comment_status":"closed","ping_status":"closed","template":"","meta":{"neve_meta_sidebar":"","neve_meta_container":"","neve_meta_enable_content_width":"on","neve_meta_content_width":100,"neve_meta_title_alignment":"center","neve_meta_author_avatar":"","neve_post_elements_order":"","neve_meta_disable_header":"","neve_meta_disable_footer":"","neve_meta_disable_title":"on","footnotes":""},"class_list":["post-40","page","type-page","status-publish","hentry"],"jetpack_sharing_enabled":true,"_links":{"self":[{"href":"https:\/\/lostintechnology.de\/index.php\/wp-json\/wp\/v2\/pages\/40","targetHints":{"allow":["GET"]}}],"collection":[{"href":"https:\/\/lostintechnology.de\/index.php\/wp-json\/wp\/v2\/pages"}],"about":[{"href":"https:\/\/lostintechnology.de\/index.php\/wp-json\/wp\/v2\/types\/page"}],"author":[{"embeddable":true,"href":"https:\/\/lostintechnology.de\/index.php\/wp-json\/wp\/v2\/users\/1"}],"replies":[{"embeddable":true,"href":"https:\/\/lostintechnology.de\/index.php\/wp-json\/wp\/v2\/comments?post=40"}],"version-history":[{"count":26,"href":"https:\/\/lostintechnology.de\/index.php\/wp-json\/wp\/v2\/pages\/40\/revisions"}],"predecessor-version":[{"id":280,"href":"https:\/\/lostintechnology.de\/index.php\/wp-json\/wp\/v2\/pages\/40\/revisions\/280"}],"wp:attachment":[{"href":"https:\/\/lostintechnology.de\/index.php\/wp-json\/wp\/v2\/media?parent=40"}],"curies":[{"name":"wp","href":"https:\/\/api.w.org\/{rel}","templated":true}]}}